prime factors of k.
2, 31
Let g be (2/(-5) - 16/(-40)) + 32. Let n = g - 38. Let u = n + 17. List the prime factors of u.
11
Let n be ((-60)/(-4))/(3/(-15*1)). Let y = -139 - n. List the prime factors of (2 + -2 - 6)/(3/y).
2
Suppose -4*m + 4*m = 22*m. Suppose -17*o + 20065 - 3660 = m. List the prime factors of o.
5, 193
Let p = -348 - -6068. What are the prime factors of p?
2, 5, 11, 13
Let r(l) = -l**3 - 34*l**2 + 46*l - 32. Let y be r(-37). Let w = -1210 + y. List the prime factors of w.
1163
Suppose -4*b + 5*l + 47420 = l, b - 11855 = -2*l. What are the prime factors of b?
5, 2371
Suppose -3*w + 2*n = w - 22, -5 = -n. Suppose -o - w = 3*x - 6*o, -3 = 2*x - o. List the prime factors of (-174)/(-36) + x/(-6).
5
Let s(p) = -20*p**2 + 13*p - 2. Let l(r) = -34*r**2 + 25*r - 7. Let i(b) = -3*l(b) + 5*s(b). Let n be (-1)/(-2) + (-13)/2. List the prime factors of i(n).
11, 13
Suppose -90*i + 56*i = -53*i + 125590. What are the prime factors of i?
2, 5, 661
Let k be (-5 - 14089)*(-7 + (-5)/(-1)). Suppose 16*m + 20*m - k = 0. What are the prime factors of m?
3, 29
Let p(c) = 52*c**2 - 74*c + 4. What are the prime factors of p(14)?
2, 5, 229
Let z(t) = 653*t - 226. What are the prime factors of z(6)?
2, 13, 71
Let t(j) = 22*j - 161. Let x(c) = 4. Let m(p) = -t(p) - 2*x(p). List the prime factors of m(-4).
241
Let b(y) be the first derivative of y**3/3 + 15*y**2/2 - 48*y + 45. What are the prime factors of b(14)?
2, 179
Suppose 60*a + 6*a - 99684 = 12*a. What are the prime factors of a?
2, 13, 71
Let m(c) = c**2 + 4*c - 33. Let x = -81 - -97. Let q(d) = -d**2 + 14*d + 18. Let p be q(x). List the prime factors of m(p).
107
Let y(g) = g**3 - 30*g**2 - 32*g + 20. Let a be y(31). Let w(v) = -18*v - 39. What are the prime factors of w(a)?
3, 53
Let w = 127 - 122. Suppose -p + w*p + 16 = 0, 4*l - 5*p = -48. Let n = 14 - l. List the prime factors of n.
31
Suppose 14 = 2*k, 2*r - 103*k + 108*k = 64855. List the prime factors of r.
2, 5, 7, 463
Let l(a) = -24*a - 559. Let r(z) = 5*z + 112. Let k(x) = 2*l(x) + 11*r(x). What are the prime factors of k(-6)?
2, 3
Let h(t) = 14*t**2 + 50*t - 188. List the prime factors of h(24).
2, 2269
Let q = -33 - -35. Suppose p + 279 = 3*t, q*p + 0*t + 603 = -3*t. Let m = -70 - p. List the prime factors of m.
2, 7
Let i(a) = a**3 + 16*a**2 - 6*a + 12. Suppose 59 = -3*g + 11. Let t be i(g). Let w = t - 52. List the prime factors of w.
2, 7
Let q be (0 - 200) + 0/7. What are the prime factors of (-2)/4*10 - q?
3, 5, 13
Let l = -176 - -166. What are the prime factors of (-2 - 25/l) + (-579)/(-6)?
97
Let w(q) be the second derivative of -1/12*q**4 + q + q**3 + 0 - 1/20*q**5 + 7/2*q**2. List the prime factors of w(-5).
7, 11
Let v = -127 - -131. Suppose -3*h = -5*f + 1425, -f - v*h = -334 + 49. List the prime factors of f.
3, 5, 19
Let p(t) = 117*t**3 + 15*t**2 + 64*t + 35. List the prime factors of p(8).
7, 31, 283
Suppose 2*w - 3565 = 7*w. Let u = -299 - w. Suppose 3*s + 0*s = u. List the prime factors of s.
2, 3, 23
Suppose 0 = 16*b - 11 - 37. Suppose -d + 88 = 3*q, 5*d - 6*q - 386 = -b*q. What are the prime factors of d?
79
Let m(p) = -5*p**3 - 7*p**2 + p + 68. Let j be m(-8). Suppose 2*d - j = 3*o, 4*d - 2*o - 1265 - 3079 = 0. What are the prime factors of d?
2, 3, 181
What are the prime factors of ((-406819)/(-56) - 17) + 6/16?
2, 3, 151
Suppose -5*a - 45 = 4*q, -a - 25 = 2*q + 2*q. Let k be (-2846)/10 - (46/(-10) - q). List the prime factors of k/9*6/(-2) - 0.
5, 19
Suppose -3*o + 2*q = -5*o + 21078, 0*q = q. What are the prime factors of o?
3, 1171
Let s(n) = 169*n**2 + 2*n. Let z be (-1 - -2) + -4 + 2. Let a be s(z). Suppose -163*v - 340 = -a*v. List the prime factors of v.
5, 17
Let h(i) = 70*i**3 - i + 2. Let d be h(1). Let k = d - 69. Suppose 4*s = 2*f + 400 + 212, -s = -k*f - 153. What are the prime factors of s?
3, 17
Suppose 4*n + 5*b = -35448 + 121474, -5*b = -10. Suppose 20*g + n = 36*g. What are the prime factors of g?
2, 3, 7
Let a(u) = 2*u**2 - 35*u - 150. Let s be a(34). What are the prime factors of (30/4 + -6)/(2/s)?
3
Let b be -303*4/(-48)*-4. Let m = b - -439. List the prime factors of m.
2, 13
Let m(i) = 69*i - 118*i + 16*i**2 - 16 + 56*i. Let g be m(3). Let h = g - -22. What are the prime factors of h?
3, 19
Suppose 4*f - 2*c = 18324, -2*c - 11703 = -5*f + 11199. List the prime factors of f.
2, 3, 7, 109
Let x(f) = f**3 + 60*f**2 + 103*f - 78. What are the prime factors of x(-23)?
2, 8563
List the prime factors of (14 - 15)*(-14)/2 + 1681.
2, 211
What are the prime factors of (0 - -1)/(111/1006881)?
47, 193
Suppose -53*l + 5747 = x - 52*l, l = -5*x + 28755. What are the prime factors of x?
2, 719
Let b be ((-9)/(-6))/(60/20600). Let l = b + -196. What are the prime factors of l?
11, 29
Suppose 0 = 184*p - 90*p - 93*p - 8462. What are the prime factors of p?
2, 4231
Let g = -419 - -421. Suppose p - j + 182 - 1041 = 0, 0 = g*p + j - 1715. What are the prime factors of p?
2, 3, 11, 13
Let c(d) = -20*d**2 + d - 2. Let v be c(-3). Let w = v - -109. List the prime factors of w/(-12) - (-2)/(-6).
2, 3
Let x(c) = 989*c**3 - 3*c**2 + 3*c - 2. Let s be x(1). Suppose 6100 = 5*q - j, -4*j - 3409 + s = -2*q. List the prime factors of q.
3, 11, 37
Let o(a) = 2*a - 1. Let b(q) = -190*q + 40. Let k(x) = -b(x) - 60*o(x). List the prime factors of k(6).
2, 5, 11
Let c(h) = 2*h**2 - 14*h + 25. Let k be c(2). Suppose -391 = -r - 3*u, -k*r - 403 = -6*r + u. List the prime factors of r.
2, 5
Let s = -7692 - -16640. What are the prime factors of s?
2, 2237
Let p(r) = -r**3 - 13*r**2 - 72*r - 9. Let g be (9 - (-230)/(-30))*18/(-2). List the prime factors of p(g).
3, 79
Let w = 54 - 49. Suppose w*b + 405 = -0*b. Let m = -51 - b. What are the prime factors of m?
2, 3, 5
Let k = -13434 + 20973. What are the prime factors of k?
3, 7, 359
Let z(o) = -393*o**3 + o**2 - o - 3. Let t = 114 - 115. List the prime factors of z(t).
2, 7
Suppose -v - 2*p + 8894 = 0, 8*p = -3*v + 3*p + 26687. What are the prime factors of v/(-16)*(-2 - (-12)/9)?
7, 53
Suppose -5*t = -h - 9 - 20, h - 16 = -4*t. Suppose -5*w + 544 = -2*w + t*m, m = -5*w + 914. List the prime factors of w.
3, 61
Suppose 16906 + 19981 = 2*o + 3*u, -36883 = -2*o + u. List the prime factors of o.
2, 9221
Suppose 51 = 10*r - 49. Suppose 3*y = r - 4. Suppose -4*u + 320 = 2*k, u + 80 = y*u + 3*k. List the prime factors of u.
2, 5
Let h(w) = 236*w**3 - 234*w**3 + 7*w**2 + 4 + 3 + 6*w. List the prime factors of h(6).
727
Suppose 3*n - 39*n + 18036 = 0. List the prime factors of (5 + -3 - 1)*n.
3, 167
Let c = -18 + 21. Suppose -c*n - 9 = 0, 3*b = -2*b - n + 57. Suppose -b*t + t + 1947 = 0. List the prime factors of t.
3, 59
Let t be -3*(-2 + (-21)/(-9)) - -1. Suppose t = -6*a + 85 + 749. What are the prime factors of -2 - -2 - (a - -1)/(-2)?
2, 5, 7
Suppose -4*j = 5*n - 366, 4*j - 3*n - 249 = 101. Let t = 116 - j. List the prime factors of (-12*(-66)/t)/(1/3).
2, 11
Let h(f) = 141*f + 162. Let p be h(31). Suppose 4*u = g + 6061, 3*u - g - 4*g = p. List the prime factors of u.
2, 379
Let i = -36 - -40. Suppose 0 = -i*o + 16, 3*o - 7*o - 2 = -2*d. Suppose 3*v - d = -0*v + 4*z, 5*v - 15 = 2*z. What are the prime factors of v?
3
What are the prime factors of (-1624105)/(-140) - 5/(20/3)?
2, 5, 29
Let t be (-4157)/(-6) - (-4)/24. Suppose 14*z - 672 = -2*g + 10*z, 2*g - t = 3*z. What are the prime factors of g?
2, 3, 19
Suppose 13 + 19 = v - w, 84 = 3*v + w. Suppose 0 = -3*t - 17 + v. Suppose t*u - 484 = 6*x - 3*x, -3*x = -5*u + 608. List the prime factors of u.
2, 31
Let u(t) = -9*t**2 - 419*t - 70. List the prime factors of u(-35).
2, 3, 5, 7, 17
Suppose 46*c - 256034 + 117361 = 260147. What are the prime factors of c?
2, 3, 5, 17
Let k(t) = 53*t + 26. Let p be k(3). List the prime factors of (p/2)/((-3)/2 - -2).
5, 37
Let u(z) = -803*z**3 - 12*z**2 - 11*z - 7. List the prime factors of u(-3).
21599
Suppose -2*i - 3*a + 5828 = 0, 118*i + 4*a = 123*i - 14524. What are the prime factors of i?
2, 727
Let s be ((-3)/(-5) - 56/35)*-2. Suppose -102 = -f - s*f. List the prime factors of f.
2, 17
Let r(o) = -o**2 - 6*o + 19. Let v be r(-8). Suppose -11 = -4*y - 27, -v*t + 1152 = 3*y. What are the prime factors of t?
2, 97
Suppose -42197 + 157817 = 12*v. What are the prime factors of v?
5, 41, 47